 - 3*h - 4. Let u be o(2). What is k(u)?
-17
Suppose 0 = -5*a - 154 + 204. Let p(x) be the second derivative of -1/6*x**3 + 0 - a*x - 1/2*x**2. Give p(0).
-1
Let x(k) = 3 - 8 + 3*k + 3*k - 5*k. Let d(s) = -s**3 + 33*s**2 - 98*s + 246. Let o be d(30). Calculate x(o).
1
Let j(r) = -r**3 - 10*r**2 - 8*r + 11. Let d = 396 + -311. Suppose -d*b + 91*b + 54 = 0. Determine j(b).
2
Let y be (2/(-4))/(34/476). Let t(u) = u**3 + 7*u**2 - 9*u - 9. Determine t(y).
54
Let k(g) = 2*g**2 - 1 - 8*g - 4*g**2 - 1 + 4*g. Let a = 524 + -526. Calculate k(a).
-2
Let k(p) be the first derivative of -4*p**2 - 3*p - 12. Let b be (4/(-8))/((-21)/(-42)). Determine k(b).
5
Let t(d) = d**3 + d + 2. Let r(j) = -58*j**3 + 5*j + 2. Let s(f) = -r(f) + 2*t(f). Calculate s(1).
59
Suppose -93 = 83*h + 64*h + 54. Let p(o) = -12*o**3 - 2*o**2 + 1. Calculate p(h).
11
Let m(i) = -39*i - 34. Let y be m(-11). Let k(z) = 391 - 2*z - 784 + y. Determine k(-2).
6
Let x(q) = q**2 + 26*q - 25. Let n be x(-27). Let r(d) = -6*d**2 + 2*d**3 + 0*d + 2 - 2*d**2 + 6*d**2 - n*d. Let j be r(1). Let a(f) = -f - 1. What is a(j)?
-1
Suppose 0 = -4*b + 2*k, 0 = 4*b - 3*k + 2*k - 2. Let n(j) = j**2 + 2*j + 1. What is n(b)?
4
Let k(r) = r**2 - r - 4. Let b(x) = -7*x**2 + 33*x - 25. Let y be b(6). Let p = y - -82. Determine k(p).
2
Suppose 174*r = 177*r - 39. Suppose 16 = 5*b + 4*i + 3, -5*i + r = 3*b. Let o(w) = w - 3. Let v(g) = -2*g + 7. Let j(h) = 9*o(h) + 4*v(h). Give j(b).
2
Let x(t) = 8*t**3 + 10*t**2 - 2*t + 40. Let a(v) = -7*v**3 - 10*v**2 + v - 39. Let n(q) = -7*a(q) - 6*x(q). What is n(-10)?
-17
Let z(h) = h**2 + 2*h + 67. Let s be z(0). Suppose 5*t - s + 7 = 0. Let k be (-32)/t*3*-1. Let g(u) = u**2 - 8*u + 2. Give g(k).
2
Let w(u) = -65*u + 2. Let t(n) = 64*n - 33. Let z(x) = -4*t(x) - 3*w(x). What is z(2)?
4
Suppose 30*w - 27*w - 15 = 0. Suppose -4*p + d - w*d = 28, d = -5*p - 35. Let j(b) = -8 + 2 - b**2 - 7*b - b + 3. Calculate j(p).
4
Let y(k) = 8*k + 4. Let h(u) = -2*u - 1. Let v(r) = 9*r + 4. Let d(f) = -4*h(f) - v(f). Let n(p) = 5*d(p) + y(p). Let q = -5 + 10. Calculate n(q).
19
Let g(j) = -j - 42. Let s(q) = 4*q**2 + 185*q - 118. Let h be s(-47). Give g(h).
-65
Let g(c) = 14*c - 14. Let t(d) = -29*d + 25. Let w(z) = 5*g(z) + 3*t(z). Let f(q) = 13*q - 5. Let l(u) = 4*f(u) + 3*w(u). Give l(8).
3
Suppose -93*b + 11*b = 99*b. Let g(l) = -l**3 + l + 30. Give g(b).
30
Let j(k) = -9*k**3 + 2*k**2 - 1. Let n(i) = 1016*i**2 + 90 - 33 - 1017*i**2 + i. Let a be n(8). Give j(a).
-8
Suppose 333*d - 338*d + 75 = 5*o, -6 = -2*d + 2*o. Let h(i) = 5*i - 31. Determine h(d).
14
Let m(b) = b**2 + 11*b + 13. Let s(j) = j**2 - 3*j - 23. Let k be s(-4). Suppose 18 = 3*h - k*h. Give m(h).
-5
Let o be 12*1*(-2)/(-4). Let s(g) = 5*g**2 - 1594*g - 5 + 3438*g - g**3 - 1839*g. What is s(o)?
-11
Let r(h) be the first derivative of -h**3/3 - 11*h**2/2 + 94*h - 13353. Determine r(-18).
-32
Let i(l) = -28*l - 42. Let b be i(-5). Let s(k) = 74*k + k**3 + 11 + b*k + 10*k**2 - 163*k. What is s(-9)?
11
Suppose -3*m + 160 - 34 = 0. Let u = m + -40. Let y(t) = 5*t - 12*t**2 + 24*t**2 - 15*t**u - 4. Determine y(3).
-16
Let l(h) = -15*h - 18. Let b(z) = 23*z + 28. Let y(s) = -5*b(s) - 8*l(s). Let q(c) = -2*c - 2. Let a(t) = 8*q(t) + 3*y(t). Calculate a(3).
-7
Suppose 27*n = -104 - 58. Let w(r) = -4*r**3 + 17*r**2 - 18*r + 34. Let s(t) = 5*t**3 - 18*t**2 + 19*t - 38. Let b(f) = n*w(f) - 5*s(f). What is b(-13)?
-14
Let z(c) = -32 - 5*c - 33 - 25 - 35 - 22 + 151. Let i = 0 - -2. Calculate z(i).
-6
Suppose 9*q - 7*q + 322 = 25*q. Let w(p) = p**3 - 13*p**2 - 10*p - 69. Determine w(q).
-13
Let d(q) be the second derivative of q**6/180 + 2*q**5/15 + q**4/6 - 65*q**3/6 + q - 273. Let m(r) be the third derivative of d(r). Calculate m(-4).
0
Let v(x) = -x**3 + 4*x**2 - 2*x - 2. Suppose 4 = 5*h - 3*h. Suppose 0 = j + 5*r + 22, -7 = -h*j - r - 6. What is v(j)?
1
Let g(d) = 2*d**2 - 12*d + 31. Let k = 4185 - 4178. Give g(k).
45
Let h be (-15)/(-6) + (-246)/(-164). Let k(m) be the first derivative of 2*m + m**2 + 7 + 1/4*m**h - 2*m**3. Give k(5).
-13
Let x = -370 + 385. Suppose -x*h = -16*h - 6. Let b(j) = -j - 2*j - 7*j**2 + 2 - 2*j**3 + j**3. Give b(h).
-16
Let a(b) be the second derivative of -b**4/12 - b**3/3 - b**2 + 13*b - 6. Suppose -x + 949 = 951. Determine a(x).
-2
Let b(q) = -4*q - 5 + 3 + 4 - q**3 - 8*q**2. Let x be (-557 + 573)*(-7)/16. Calculate b(x).
-19
Let r(x) = 3*x**2 + 2*x + 4. Suppose -52 = -11*y + 7*y. Suppose 0 = 16*i - y*i + 9. Determine r(i).
25
Let t(h) = h - 21. Let f be -8*9/72*-4. Suppose -f*z - 5*x + 32 = 0, 5*x = 8*z - 3*z - 85. Give t(z).
-8
Let u be 31/6 + (-4)/24. Let f(k) be the second derivative of 5/2*k**2 + 1/6*k**3 + 8*k + 0. Determine f(u).
10
Let b = 25325/6 - 4220. Let g(s) be the third derivative of -14*s**2 - 1/8*s**4 + 0 + 0*s + b*s**3. Give g(4).
-7
Let x(g) = -g**3 - g**2 - 1. Let a = 663 + -1493. Let s = a + 827. Calculate x(s).
17
Let q(c) = -10*c - 26. Suppose -3*i + 25 = g, -i = -0*i - 2*g + 1. Let m(t) = 3*t + 9. Let a(d) = i*m(d) + 2*q(d). What is a(-7)?
4
Let o = -16536 + 16526. Let y(h) = -3*h**2 - 33*h - 2. Give y(o).
28
Let i = -13 + 12. Let z(d) be the first derivative of 16*d**3/3 + d - 2338. Give z(i).
17
Let o = -11 + 17. Let q(y) = 8*y - 4. Let t(m) = 9*m - 5. Let p(r) = o*q(r) - 5*t(r). Calculate p(1).
4
Suppose 0 - 5 = s. Let k(l) = 21634*l - 1 - 3 - 21635*l. Calculate k(s).
1
Let j(r) = -r**2 + 6*r - 3. Let l = -38 + 43. Suppose -4*h = -2*k + l*k + 51, k = 4*h + 47. Let f be (-128)/(-28) + h/21. Calculate j(f).
5
Let l(c) be the third derivative of -1/60*c**5 - 1/3*c**3 + 71*c**2 + 0 - 1/12*c**4 + 0*c. What is l(-3)?
-5
Let q(h) = h**3 - 29*h**2 + 54*h + 13. Let w(p) = -61*p - 2169. Let j be w(-36). Give q(j).
13
Suppose 0 = -3*x + 6 + 23 + 7. Let i(n) = -4*n**2 + 51*n - 37. Calculate i(x).
-1
Let h(c) be the second derivative of -c**5/20 - 11*c**4/12 - 2*c**3 - 7*c**2 + c. Let n be ((-7)/(-28)*-2)/(76/(-80) - -1). What is h(n)?
6
Suppose 2*f = 396 - 392. Let j(l) = -4870 + l**3 + 8*l**2 - 14*l - 4*l**2 + 4*l**f + 4859. Determine j(-9).
34
Let x(z) = 264*z + 4206. Let f be x(-16). Let l(r) = -3*r**2 - 60*r - 113. Give l(f).
-5
Let m(k) = -41*k**2 + 138*k + 15. Let j(v) = 13*v**2 - 44*v - 5. Let s(r) = 22*j(r) + 7*m(r). Let d = 0 - -1. Let b be -5*(d - 2/10). Determine s(b).
-13
Let o(l) = 3 - 2 - 249*l + 260*l. Calculate o(-4).
-43
Let l(s) = 7*s + 959 + 959 - 2871 + 954. Determine l(3).
22
Let d(f) = 86*f - 660*f**2 + 659*f**2 - 88*f + 40. Determine d(6).
-8
Let n(v) = 7*v + 20. Let w = 256 - 260. Let b(q) = 6*q + 19. Let x(z) = w*n(z) + 5*b(z). Give x(-9).
-3
Let a be (-27 - -39) + (-8 - 1/(-1)). Let x(j) = -4*j - 7 - 8*j**2 + 4*j**2 - 49*j**3 + 50*j**3. Determine x(a).
-2
Let g(c) be the second derivative of -6 + 0*c**2 + 7/6*c**3 - c + 1/12*c**4. Let j(s) = -s**3 + 13*s**2 + 15*s - 20. Let i be j(14). Give g(i).
-6
Let i(s) = -s**3 + 58*s**2 - 67*s + 563. Let x be i(57). Let h(v) = -v**3 - 8*v**2 - 7*v - 5. Calculate h(x).
-5
Let f(n) = -33*n - 699. Let o(l) = l**3 + 39*l**2 + 79*l + 164. Let a be o(-37). Determine f(a).
-6
Let g be (7 - 14)*5/(-7). Suppose 0 = 4*z - g*z + 4. Let m(h) = 3 - 3*h + 0*h + z*h + 2. What is m(4)?
9
Let d(f) = -f**3 - 11*f**2 + 11*f - 17. Let t(g) = -g**3 + 247*g**2 + 3*g + g + 12 + 2*g**3 - 241*g**2. Let o be t(-6). What is d(o)?
-5
Let v(w) = -w**3 - 21*w**2 - 20*w - 3. Let a be v(-20). Let h(g) = -8*g**2 - 2*g + 2. Let s(u) = -u**2 + 1. Let d(k) = -h(k) + 5*s(k). What is d(a)?
24
Let v(q) = 9*q + 83. Let y be v(-12). Let r = 20 + y. Let i(s) = -2*s**2 - 6*s + 3. What is i(r)?
-17
Let u(x) = x**3 - x**2 + 10. Let a(m) = m**2 + 13*m + 31. Let f be a(-10). Suppose 6*y + 1 = f. Determine u(y).
10
Let h(y) = -2*y**2 - 2*y + 5. Let i(q) = q**2 + 220*q - 446. Let v be i(2). Determine h(v).
1
Let o(z) = z**3 + 3*z**2 + 7*z - 2*z + 16 - z - 15 - 2*z. Give o(-2).
1
Let z(r) = r**2 - 57*r - 909. Let t be z(-13). Let d(u) = 7*u**2 - 29*u + 24. What is d(t)?
2
Let n(v) = 6*v**3 - 2*v + 1. Let j be n(1). Let u(o) = 3287*o**2 - 4*o + 5. Let k(s) = 5259*s**2 - 6*s + 8. Let y(z) = -5*k(z) + 8*u(z). Give y(j).
15
Let c be (1 + 3)/(4/6). Suppose 2*z = 6 + c. Let j(v) be the second derivative of -v**3/6 + 2*v**2 - 145*v. Give j(z).
-2
Let p(m) = 3*m**3 - 5*